e remainder when 21776155 is divided by 79186?
5
Calculate the remainder when 1102476 is divided by 14339.
12712
What is the remainder when 190437 is divided by 190274?
163
Calculate the remainder when 88973 is divided by 29239.
1256
Calculate the remainder when 4821454 is divided by 531.
505
What is the remainder when 801866 is divided by 101?
27
What is the remainder when 75479488 is divided by 51?
49
What is the remainder when 230558308 is divided by 156?
136
Calculate the remainder when 52699 is divided by 211.
160
Calculate the remainder when 147622 is divided by 305.
2
Calculate the remainder when 8891779 is divided by 8891774.
5
Calculate the remainder when 4103308 is divided by 342.
334
What is the remainder when 317211 is divided by 28539?
3282
Calculate the remainder when 8720 is divided by 4354.
12
What is the remainder when 990823 is divided by 1782?
31
What is the remainder when 3970900 is divided by 231?
10
Calculate the remainder when 181436 is divided by 45171.
752
Calculate the remainder when 14689538 is divided by 21.
17
What is the remainder when 15386 is divided by 591?
20
Calculate the remainder when 145596 is divided by 10396.
52
What is the remainder when 685636 is divided by 6788?
48
Calculate the remainder when 111969 is divided by 628.
185
Calculate the remainder when 4673656 is divided by 44091.
10
Calculate the remainder when 1990517 is divided by 3555.
3272
Calculate the remainder when 34790 is divided by 3451.
280
What is the remainder when 144830053 is divided by 17?
15
Calculate the remainder when 2515626 is divided by 265.
246
Calculate the remainder when 34024 is divided by 2411.
270
What is the remainder when 592265415 is divided by 31?
30
What is the remainder when 4471225 is divided by 71?
0
Calculate the remainder when 1836961 is divided by 166992.
49
What is the remainder when 129391 is divided by 943?
200
What is the remainder when 64187 is divided by 2567?
12
Calculate the remainder when 16886 is divided by 8367.
152
What is the remainder when 18414 is divided by 4123?
1922
What is the remainder when 35051057 is divided by 59?
42
Calculate the remainder when 76918 is divided by 25426.
640
Calculate the remainder when 1011925 is divided by 45987.
211
Calculate the remainder when 1331187 is divided by 51191.
221
What is the remainder when 13323103 is divided by 92?
31
Calculate the remainder when 117535 is divided by 58349.
837
What is the remainder when 161390 is divided by 40335?
50
Calculate the remainder when 84291 is divided by 11765.
1936
Calculate the remainder when 270340 is divided by 31.
20
What is the remainder when 3074011 is divided by 24?
19
Calculate the remainder when 5488561 is divided by 5808.
1
What is the remainder when 3574929 is divided by 893731?
5
Calculate the remainder when 165096708 is divided by 747.
744
What is the remainder when 14115805 is divided by 5669?
5664
Calculate the remainder when 3560520 is divided by 1780055.
410
What is the remainder when 4594820 is divided by 1379?
1371
What is the remainder when 578013 is divided by 2342?
1881
What is the remainder when 5707391 is divided by 1902278?
557
Calculate the remainder when 547200 is divided by 109353.
435
Calculate the remainder when 61667587 is divided by 2803072.
3
What is the remainder when 2453485 is divided by 4868?
13
Calculate the remainder when 4237696 is divided by 559.
476
Calculate the remainder when 53548035 is divided by 106.
15
What is the remainder when 62531273 is divided by 447?
443
Calculate the remainder when 43728 is divided by 1213.
60
Calculate the remainder when 3998989 is divided by 195.
124
What is the remainder when 16714 is divided by 1810?
424
What is the remainder when 212651539 is divided by 979961?
2
What is the remainder when 5733021 is divided by 36750?
21
Calculate the remainder when 2951073 is divided by 983537.
462
Calculate the remainder when 651571 is divided by 8044.
7
What is the remainder when 9207949 is divided by 48?
13
Calculate the remainder when 3091379 is divided by 1030.
349
What is the remainder when 32198859 is divided by 1286?
1277
What is the remainder when 3759255 is divided by 665?
10
Calculate the remainder when 5667213 is divided by 48.
45
Calculate the remainder when 12308 is divided by 5682.
944
What is the remainder when 11922207 is divided by 1987027?
45
Calculate the remainder when 42483 is divided by 816.
51
What is the remainder when 1505989 is divided by 50179?
619
Calculate the remainder when 30155 is divided by 7277.
1047
Calculate the remainder when 1345679 is divided by 348.
311
What is the remainder when 315403852 is divided by 20?
12
What is the remainder when 7337906 is divided by 178973?
13
Calculate the remainder when 1472674 is divided by 294524.
54
Calculate the remainder when 301156 is divided by 114.
82
What is the remainder when 31399 is divided by 2407?
108
What is the remainder when 1296765 is divided by 12349?
120
Calculate the remainder when 1387041 is divided by 1387037.
4
Calculate the remainder when 3886083 is divided by 88320.
3
What is the remainder when 2108453 is divided by 1136?
37
Calculate the remainder when 71123658 is divided by 12335.
48
What is the remainder when 15782 is divided by 3757?
754
Calculate the remainder when 239759 is divided by 119777.
205
Calculate the remainder when 67170 is divided by 13305.
645
Calculate the remainder when 107065087 is divided by 1450.
1437
What is the remainder when 4028758 is divided by 54?
34
What is the remainder when 135703 is divided by 25691?
7248
Calculate the remainder when 11910184 is divided by 700599.
1
What is the remainder when 5591563 is divided by 679?
677
Calculate the remainder when 639252 is divided by 1067.
119
What is the remainder when 7756 is divided by 267?
13
What is the remainder when 7254049 is divided by 34?
13
What is the remainder when 2283 is divided by 222?
63
What is the remainder when 17102052 is divided by 27?
9
Calculate the remainder when 332491 is divided by 3050.
41
What is the remainder when 911891316 is divided by 137?
136
Calculate the remainder when 304959 is divided by 9192.
1623
What is the remainder when 144595 is divided by 9083?
8350
Calculate the remainder when 166579829 is divided by 217.
213
What is the remainder when 3845389 is divided by 68?
57
What is the remainder when 2305124 is divided by 11355?
59
Calculate the remainder when 1077973 is divided by 211.
185
What is the remainder when 7657709 is divided by 38?
25
Calculate the remainder when 339960 is divided by 169915.
130
Calculate the remainder when 1532603 is divided by 5.
3
Calculate the remainder when 13138573 is divided by 248.
29
Calculate the remainder when 11447275 is divided by 1899.
103
What is the remainder when 17633684 is divided by 374?
332
Calculate the remainder when 372545 is divided by 6185.
1445
What is the remainder when 97639 is divided by 217?
206
Calculate the remainder when 812063 is divided by 2611.
42
Calculate the remainder when 1080603 is divided by 15437.
13
What is the remainder when 6007780 is divided by 57?
37
What is the remainder when 94370 is divided by 2453?
1156
What is the remainder when 313430 is divided by 156344?
742
Calculate the remainder when 34208 is divided by 2153.
1913
What is the remainder when 31775 is divided by 10134?
1373
Calculate the remainder when 4138497 is divided by 111851.
10
What is the remainder when 9908 is divided by 2341?
544
What is the remainder when 7757052 is divided by 34172?
8
Calculate the remainder when 2710688 is divided by 477.
374
What is the remainder when 124105 is divided by 511?
443
Calculate the remainder when 925671 is divided by 170.
21
What is the remainder when 555856 is divided by 26460?
196
Calculate the remainder when 4709424 is divided by 174419.
111
What is the remainder when 6978791 is divided by 10232?
567
Calculate the remainder when 50251275 is divided by 644247.
9
What is the remainder when 19783547 is divided by 83?
82
Calculate the remainder when 259819259 is divided by 10.
9
What is the remainder when 4925248 is divided by 2462580?
88
Calculate the remainder when 78263 is divided by 5260.
4623
Calculate the remainder when 3729 is divided by 1815.
99
Calculate the remainder when 116